 + x**3/3 - 7*x**2. Determine k(-2).
-8
Let w(x) = 0*x**2 - 11*x**3 + 12*x**3 + 0*x**2 + 2 - x**2. Determine w(2).
6
Let y be (1 - 6) + -3 + 2. Let q = y + 2. Let n = 1 - q. Let m(k) = k**3 - 5*k**2 + k - 6. Give m(n).
-1
Let j(h) = -h**3 + 5*h**2 - 4*h + 6. Let i(b) = -b**2 - 13*b - 26. Let p be i(-10). Give j(p).
6
Let r(i) be the third derivative of -7*i**2 + 0 - 1/12*i**5 + 0*i + 0*i**4 - 1/120*i**6 + 1/2*i**3. Give r(-5).
3
Suppose -2 = 6*g - 20. Let d(s) = 2*s**2 - 2*s - 4. Calculate d(g).
8
Suppose -4*u + 5*g = -16, -8 = 4*g - 2*g. Suppose -2*l + 6 = -6. Let o be u/((-21)/l - -3). Let k(j) = 2*j**2 + j + 2. Give k(o).
12
Let w(k) = 2*k - 6. Let b be w(5). Let j(l) = -3*l + b*l + 0*l + l**2 - 4. Calculate j(0).
-4
Suppose 0 = g - 2*l + 5, -5*l = -3*g - 2*l - 3. Let f(w) be the first derivative of 5/3*w**3 - 1/4*w**4 - 2*w**2 + 2*w - 7. What is f(g)?
8
Let g(s) be the second derivative of s**5/120 + s**4/24 + s**3/2 - 3*s. Let q(p) be the second derivative of g(p). Calculate q(5).
6
Let i be 1*(1 + 3 - -3). Let n = 13 - i. Let z(x) = -x**2 + 7*x - 4. Give z(n).
2
Let l(q) = 12*q - 1 - 6*q**2 - 12*q. Determine l(-1).
-7
Let x(h) = h**3 + 6*h**2 + 8*h + 6. Let i = -3 - -6. Suppose q + i*q = 0. Let c be q/1 + -3 + -2. Determine x(c).
-9
Let s(t) be the first derivative of -2 + 7/120*t**5 + 0*t + 0*t**2 + 2/3*t**3 + 0*t**4. Let c(a) be the third derivative of s(a). Calculate c(1).
7
Let n(d) = 4*d. Let s(y) = -5*y + 2. Let m(r) = 6*n(r) + 5*s(r). Calculate m(10).
0
Let z(g) be the third derivative of g**4/24 - g**3 + 2*g**2. Let s be 2/8 - 19/(-4). Determine z(s).
-1
Let p(b) be the first derivative of b**4/8 - 2*b**3/3 - b**2 - 1. Let k(a) be the second derivative of p(a). Let l be (-1)/((-14)/6 - -2). Give k(l).
5
Let i(v) = v**2 + 6*v + 1. Let r(o) = -3*o**2 + 3*o. Suppose 4 = 2*s - 0*s. Let f be r(s). Determine i(f).
1
Let w(b) = -b - 9. Let i(c) = -c - 2. Let x(d) = -4*i(d) + w(d). Give x(-1).
-4
Let n = 78 - 72. Let k(h) = -3*h**3 - 11*h**2 + 5*h. Let i(c) = c**3 + c**2. Let t(r) = -4*i(r) - k(r). Give t(n).
6
Suppose -2*c - c + 6 = 0. Let j(y) = -y**3 + 2*y**2 - 6 - 6*y**c + 2*y + y + 0*y. What is j(-5)?
4
Let m(v) = -v - 1. Let o(a) = -a - 1. Let n(x) = -4*m(x) + 5*o(x). Let w(g) = g**2 - 3*g - 4. Let s(j) = 2*n(j) + w(j). Give s(6).
0
Let v(s) be the third derivative of -s**6/120 - s**5/20 + s**4/8 + s**3/6 + 9*s**2. Determine v(-3).
-8
Suppose 2*n - 7 = 3. Suppose -30 = -n*c - 5*p, -p = -2*c - 2*c - 1. Let y = 0 + c. Let x(w) = -5*w**2 + 2*w - 1. Determine x(y).
-4
Let j(v) be the first derivative of 2*v**3/3 - v**2/2 - 2*v - 5. Determine j(3).
13
Let g(s) be the second derivative of -s**5/40 + 7*s**4/24 - s**3/6 - s. Let x(z) be the second derivative of g(z). Give x(6).
-11
Let k(f) = f + 4. Let l be k(-3). Let o be (1*2)/(1 + l). Let v(b) = -5*b**3 + 2*b**2 - 2*b + 1. Calculate v(o).
-4
Let v(r) = -r + 2. Suppose -4*a = -a - 12. Suppose 0*n - n = 4*k - 12, -a*k + n + 12 = 0. What is v(k)?
-1
Let l(n) = n + 5 - 2 + 1. Let b = 7 + -3. Suppose -b = 4*o + 16. Give l(o).
-1
Let h(v) = v + 4. Let m(x) = -x**3 - 17*x**2 - x - 19. Let s be m(-17). Determine h(s).
2
Let d(a) = a**3 + 7*a**2 - 8*a + 3. Let l be d(-8). Let h = 0 + l. Let s(u) = h*u**2 - 3*u - 7 - 4*u**2 + 9*u. Determine s(5).
-2
Let i(c) be the third derivative of -1/8*c**4 + 0*c**3 - 1/720*c**6 + 1/60*c**5 + 0 + 0*c - c**2. Let s(n) be the second derivative of i(n). Calculate s(0).
2
Let c(w) = -5*w + 6*w - 4*w - 4. What is c(-5)?
11
Let n = -2 - -6. Let l(p) = -n*p - p + p**2 - 2*p**2 - 6. Let x be (-60)/(-18)*12/(-10). Determine l(x).
-2
Let r(h) = -1 - 2 + h - 3*h. Let c(t) = 4*t**2 - 13*t + 17. Let u(p) = p**2 - 3*p + 4. Let a(n) = 2*c(n) - 9*u(n). Let f be a(2). Give r(f).
5
Let y = 4 - 7. Let c(o) be the first derivative of -o + 4/3*o**3 + 1/4*o**4 + o**2 + 2. Calculate c(y).
2
Let h(w) be the second derivative of w**3/3 - 7*w**2/2 + 6*w. Calculate h(-5).
-17
Let f = -3 + 5. Suppose 12 = 4*o, -2*o + 8 = l - f. Let b(a) = -a**3 + 4*a**2 + 3*a - 3. What is b(l)?
9
Let p(u) = u**2 + u - 11. Suppose -5*g - 3*a = a - 29, 0 = 2*g - a - 22. Suppose -6*f + g*f = 0. What is p(f)?
-11
Let a(x) be the second derivative of -1/3*x**4 + 0 + 1/3*x**3 + 1/2*x**2 + 1/10*x**5 - 4*x. Determine a(2).
5
Let p(b) = -2*b**2 - 17*b - 3. Let h be p(-8). Let x(j) = j**2 - 2*j - 4. Determine x(h).
11
Let v be (2 + (-12)/8)*-14. Let h(f) = -f**2 - 8*f + 9. Calculate h(v).
16
Let k(c) = -c**3 - 6*c**2 - 3*c + 6. Let y = 2 + 2. Let i = -13 + 12. Let m = i - y. What is k(m)?
-4
Let o(u) = 23*u + 1. Let h be o(1). Suppose n - h = -3*n. Let w(t) = -2*t + 8. Give w(n).
-4
Let g(t) = 360*t - 4 - 179*t - 180*t. Let q = 4 - 0. Give g(q).
0
Suppose 69 = b + 2*b. Suppose -3*z - 2*i = b, -i - 2 - 17 = 3*z. Let l(c) be the first derivative of -c**3/3 - 2*c**2 - c - 1. Give l(z).
-6
Let z(u) = 7*u - 1. Suppose -3*d + 11 + 1 = 0. Let b be d/2 - 2/2. What is z(b)?
6
Let q(u) = u - 3*u + 3*u. Let l = 6 - 11. Let s(j) = j**2 + 10*j - 1. Let f(i) = l*q(i) + s(i). Calculate f(-4).
-5
Let q(m) = 6*m**3 + m**2 - m. Let h be q(1). Let p(c) be the third derivative of c**6/120 - c**5/10 - c**3/3 - 22*c**2. What is p(h)?
-2
Let r(u) be the third derivative of 2*u**2 + 0*u + 1/24*u**4 + 1/15*u**6 + 0*u**5 + 1/6*u**3 + 0. Suppose f + l + 2 - 3 = 0, 4*f = -3*l + 2. Give r(f).
-8
Let s(i) be the third derivative of i**2 - i**3 - 1/12*i**4 + 0 + 0*i. Let u(x) = -3*x**3 - 2*x**2 + 1. Let p be u(1). What is s(p)?
2
Let v(z) = -z. Let h(q) = 3*q. Let r(o) = -h(o) - 2*v(o). Suppose 6*g = 3*g - 6. Give r(g).
2
Let r(z) = z**2 - 5*z. Let h = 9 - 4. Suppose 2*p = -3*v + 14, -2*p - h - 5 = -3*v. What is r(v)?
-4
Let a(s) = -s**3 - 7*s**2 - 6*s + 4. Let q = 22 - 27. Determine a(q).
-16
Let j = -13 + 13. Let a(w) = w**3 + w**2 - w - 3. Give a(j).
-3
Let v(a) be the first derivative of a**4/4 - 4*a**3/3 - 3*a**2 - 11. Calculate v(5).
-5
Let v(w) be the third derivative of -w**4/6 - 5*w**3/6 + 8*w**2. What is v(-4)?
11
Let l(y) = y**2 + 4*y - 5. Suppose -3 - 1 = -2*h. Suppose 2*g - 5*o - 16 = 0, -19 + 3 = -h*g + 2*o. Suppose 0 = z + 2*a + 1, -2*a + g - 4 = 0. What is l(z)?
0
Let n(r) = -r + 13. Let g be 6/15 - 152/(-20). Let t(d) = d**2 - 8*d + 8. Let f be t(g). Give n(f).
5
Suppose 27*q = 22*q + 20. Let u(x) = x**3 - 3*x**2 - 5*x. Give u(q).
-4
Let y(b) = 4*b + 15. Let m be y(-5). Let n(t) = t**3 + 5*t**2 - t. Determine n(m).
5
Let b(q) = -q**3 + 6*q**2 - 2*q + 4. Let j be 93/15 + 6/(-30). Give b(j).
-8
Let m be (14/(-21))/(1/3). Let t be 6 - m/(-4)*2. Let a = 3 - t. Let h(k) = k + 1. Determine h(a).
-1
Let f = 190 - 194. Let g(o) = 2*o**2 - o**3 - 6*o**2 + 3*o + o**2 - 1. What is g(f)?
3
Suppose 3*d + 2 = -10. Let b(f) be the third derivative of 2*f**2 + 0 - 1/12*f**4 - 1/60*f**5 + 0*f + 1/2*f**3. What is b(d)?
-5
Let u(r) = -r + 7. Let s(o) = -o**3 + o**2 - 3*o + 7. Let k be s(0). Determine u(k).
0
Let q(s) be the first derivative of s**4/4 + s**3 + s**2/2 + 3*s + 12. Give q(-3).
0
Suppose -5*j + 18 = -27. Let y(l) = -2*l**2 + 4*l - 3. Let s(n) = n**2 - 2*n + 1. Let d(b) = j*s(b) + 4*y(b). Calculate d(3).
0
Suppose -7 = -2*a - 1. Let i(t) = -2*t**2 + 4*t - 4. Determine i(a).
-10
Let g = 34 + -42. Let q(p) = 2*p + 12. What is q(g)?
-4
Let w(q) = -2*q - 3. Let x be (1 - -3)*(-6)/8. Let y be w(x). Let t(c) = 0*c**3 + 1 - 2*c**y + 2*c - c**3. Determine t(-1).
2
Let i(f) = -2585 + 14*f + 2585. Give i(-1).
-14
Let n(t) = 0 + t**2 + 2 - 3*t - t - 2*t**2. Suppose 2*k - 8 = -2*i, 2*i = -2*i - 3*k + 16. Suppose 2*q - 10 = 0, 0 = -i*v + v - 5*q + 16. Calculate n(v).
5
Let d(r) = 12*r - 19*r + 13 - 13 + 4*r**2 + r**3. Give d(-5).
10
Let n(p) = p**2 - 8*p + 15. Let o be n(6). Let b(y) = -y**3 + 2*y**2 + 2*y - 2. Calculate b(o).
-5
Let r(k) = -73*k**2 - 2*k + 0*k**3 + 2 - k**3 + 81*k**2 + 6. Give r(8).
-8
Let s(v) = -5*v**2 + 2 + 3*v**3 + 3 - 5*v - 2*v**3 + 6*v. What is s(5)?
10
Let k(q) = -q**2 - 7*q + 8. Let m = -16 - -8. Give k(m).
0
Let b(z) = -51*z + z**2 + 4 - 2*z**2 + 44*z. Give b(-6).
10
Let k(l) = l**3 - 2*l**2 + 3*l. Let d be -1 + (-9)/(1 + -4). Suppose d*u = -2*u. Suppose 2*z - 3*z + 2 = u. Calculate k(z).
6
Let l(f) = 5*f**3 + 5*f**2 - 9*f - 10. Let n(p) = p**3 + p**2 - 2*p - 2. Let b(z) = -2*l(z) + 11*n(z). Calculate b(-3).
-8
Let